+ -1 + -3 - -5
5
3 + (0 - 5) + 1
-1
(2 - 4) + (-12 - -13)
-1
(1 + -4 - 1) + 8
4
What is the value of 1 - -5 - (12 - 8)?
2
Calculate 6 - (8 - 1 - -3).
-4
Evaluate 5 - (2 + -1) - (3 - -3).
-2
-10 - 1 - (11 + -6 - 7)
-9
Calculate (2 - (-3 + 3)) + 1 + 2.
5
Evaluate 0 - -1 - (-1 + -4).
6
(-13 + 21 - 3) + (4 - 2)
7
Evaluate 6 + -3 + -11 - (19 - 22).
-5
8 - ((6 - -8) + -9)
3
Calculate -4 - 1 - (-3 + 5).
-7
-7 - (-1 + 0 + -2)
-4
Calculate 3 + 1 - (-4 + 12).
-4
Evaluate 8 + -10 - (-7 + 0).
5
1 + (2 - 3 - (-7 - 0))
7
What is 2 + 0 + 7 + -9?
0
What is (2 - (9 + -1)) + -50 + 64?
8
Evaluate -2 - -2 - (4 - (6 + -1)).
1
Calculate 5 + 7 - 8 - (-1 + 8).
-3
What is the value of 3 - ((-2 - 0) + 4 - 3)?
4
Evaluate -8 + 0 + 16 + -11.
-3
2 + (0 - 2) + 1 + 4
5
-3 - (-3 + -2 - (-4 + 6))
4
Evaluate -2 + -2 + (-1 - -7) + 3.
5
Calculate -8 - (-1 + -1) - (-21 - -17).
-2
Evaluate -8 + 1 + 2 - (-9 + 5).
-1
4 + 2 + 4 + -6
4
Calculate 2 + 4 - (-5 + 7).
4
What is the value of -14 + (-10 - -23) + 4 + -1?
2
What is the value of (3 - 1) + (-11 - -15)?
6
What is 1 + -1 + 3 + -9?
-6
What is 0 - (4 + (-10 - 0))?
6
What is -11 - -12 - -7 - (1 + 1)?
6
What is the value of -5 + 7 - (-2 - -9)?
-5
What is -2 + 4 - (11 + 9 + -14)?
-4
What is the value of -1 + 8 + -1 + -5 + 4?
5
What is 8 + -4 + 3 + -2?
5
Evaluate 4 + (8 - (18 + -7)).
1
What is the value of (-6 - (2 + -3)) + 2?
-3
3 - (-4 + 6) - -2
3
What is the value of (-3 - -4) + 1 + 1?
3
Evaluate (2 - (-2 - (2 - 3))) + 2.
5
0 + -3 - (2 + -9) - 2
2
Calculate -4 + (0 - (4 + -5)) + 0.
-3
Calculate (-1 - (1 - 14)) + -367 + 360.
5
(-1 - 0) + 5 - 6
-2
What is 1 + -1 + -4 + 3?
-1
Calculate (-2 - (-18 + 14)) + 0.
2
Calculate (4 - 0) + (10 - (9 + -1)).
6
What is the value of 3 - (-2 + 7 + -2)?
0
0 + 0 + 3 - (5 + -7)
5
Calculate 1 + (1 + -6 - (0 - 2)).
-2
Evaluate 2 + 0 - (6 + -3 - -1).
-2
Calculate -1 + -4 + (16 - 15).
-4
Calculate (-4 - -1) + 2 + 5.
4
Evaluate 1 - 1 - (-10 - -14).
-4
What is 8 + -14 - -8 - 7?
-5
Evaluate 8 + -6 + (-3 - (4 - 8)).
3
(-136 - -139) + -2 + 0
1
What is the value of 15 - (-1 + 2 - -8)?
6
Calculate -26 + 26 + (0 - 1).
-1
What is (6 - 6) + 2 - -2?
4
8 + (-3 - -2 - -1)
8
What is the value of (-11 + 2 - 1) + 8?
-2
What is -1 + 8 + -19 - (2 - 7)?
-7
What is 4 + 5 - (-1 - -6 - 5)?
9
Evaluate 4 - (-8 + -1 + 8).
5
What is the value of (16 - 16) + 1 + 0 - 1?
0
-4 - (12 + -7 - 11)
2
Evaluate (14 + -21 - -2) + 1.
-4
(5 + 2 - 4) + -7
-4
What is -10 - ((-34 - -6) + 8)?
10
What is the value of (0 - 8 - (-11 - -8)) + 12?
7
Evaluate 0 + 6 + -13 + 3 + 4.
0
What is the value of 2 - 1 - (14 - 17)?
4
What is -12 + (5 - (1 + -4 - 0))?
-4
Evaluate -6 + 0 - (61 - 74).
7
What is -3 + (2 - -1) + 0 + 0?
0
Evaluate 6 + 0 - (115 + -115).
6
What is the value of 1 - ((1 - (2 - -1)) + 2)?
1
Calculate (0 - 8) + -2 + 4.
-6
27 + -20 + (0 - 1) + -1
5
-3 + (-4 - -2) - -1
-4
9 - 5 - (4 - 4)
4
Calculate (13 + 1 - 6) + -3.
5
1 - (2 + 0 + -5)
4
1 + 1 + -3 - (57 - 57)
-1
5 - (0 - (-2 + -1))
2
Evaluate (0 - 5 - -2) + 8.
5
Calculate (1 - (13 + -4)) + 4.
-4
What is -5 + 11 + 0 + -13?
-7
What is the value of -8 - ((-5 - -2) + -2)?
-3
What is 4 - (3 + (0 - -7) - 2)?
-4
-2 + -1 + 2 + 55 + -45
9
What is 5 - (14 + (1 - 10))?
0
What is the value of 1 - (-3 + 0 - -5 - 5)?
4
What is -52 + 47 - (1 + -2)?
-4
Calculate 4 - 2 - (-4 - -1).
5
What is 1 - -2 - (8 - 3 - 6)?
4
What is (8 - (-2 - -1)) + -4?
5
What is the value of 1 + -16 + 17 + -8?
-6
What is -4 + -1 - (-1 - (9 - 0))?
5
What is 9 + -17 + (-1 - -4)?
-5
What is the value of 7 + -8 + 2 + 7?
8
What is the value of (-1 - 0) + 2 + -5?
-4
Evaluate -2 - 5 - -12 - (-9 - -3).
11
Calculate 4 - -1 - (-1 + 4 + 1).
1
Calculate -6 + 16 + -9 - 7.
-6
What is the value of 1 - (3 + 1 + 2)?
-5
Calculate 3 + -1 + (-1 - -2).
3
What is 5 + -4 + -1 - 2 - -2?
0
Evaluate (6 - 7 - 2) + 6 + 4.
7
Evaluate 1 + (-5 - -10 - 16 - -5).
-5
What is the value of 6 + -13 - (2 + 0)?
-9
What is 1 + 0 + -1 - -4 - 1?
3
What is the value of 3 - (4 - 3 - 4)?
6
What is the value of -1 - (-3 + -2 + 9 - 10)?
5
What is -7 - ((-10 - -14) + -5)?
-6
Evaluate 1 - ((-3 - -1) + 1).
2
Evaluate 0 - (0 + -6 + 7).
-1
Evaluate -4 + (15 - 6) + 0 + 3.
8
What is the value of -10 + 20 + -18 + -2?
-10
Calculate 12 - (1 + -7 + 25).
-7
Evaluate 4 + -2 + (-4 - 1).
-3
Evaluate 3 - 0 - (-1 - -7).
-3
What is the value of (1 + 1 - -1) + (37 - 45)?
-5
What is 1 + (3 - (-4 + 3))?
5
What is the value of -16 + 8 + 0 + 4?
-4
What is -2 + -4 + 4 + 1?
-1
Evaluate (2 - 4) + -1 + 6.
3
What is the value of -16 - -14 - (-1 + 0)?
-1
Calculate -12 - (-17 - (8 - 21)).
-8
Evaluate -2 + -4 - (-2 + 0).
-4
Evaluate 10 - (11 + -5 - 1).
5
Evaluate -6 - ((7 - 17) + -2).
6
-2 + 3 - 1 - (9 + -10)
1
Evaluate -3 - (-3 + -8 + 7).
1
1 + (-7 + 6 - (-2 + 1))
1
Evaluate (-1 + 0 - 1 - -3) + -3.
-2
Evaluate -7 + (-17 + 6 - -15).
-3
Calculate 4 - (0 + 0) - 9.
-5
Calculate (-6 + 13 - (9 + -5)) + 0.
3
What is the value of (8 - (-3 - -5 - -4)) + -7?
-5
What is the value of (3 - 0) + -3 + 6 + -4?
2
(-17 - -4 - -2) + 6
-5
-2 + 1 + -4 - -9
4
-13 + 10 + (7 - 1)
3
Calculate (6 - -1) + 3 + -1 + -5.
4
Evaluate 2 - (2 + 0 + 0 - -3).
-3
Calculate 6 + (-4 + 3 - -4) - 3.
6
-5 - (0 - 2) - -2
-1
7 + 0 + (-5 - (-9 + 6))
5
-1 - -1 - (-4 + -5 + 5)
4
Evaluate (-2 - -2) + (-5 - (7 + -7)).
-5
1 + (3 - 6 - (4 - 5))
-1
What is -9 - (-6 - (1 + 2 - 5))?
-5
2 + -4 + 0 - (3 - 2)
-3
-1 - (-7 - -16 - 10)
0
What is (1 - -1) + -1 + -2?
-1
(0 - -4) + -14 + 10
0
Evaluate -4 - 2 - (-1 + -3).
-2
Calculate 23 - 31 - (-11 - -2).
1
What is the value of 7 + -4 + -3 + (7 - 2)?
5
What is the value of -3 - (2 + 3 - 3)?
-5
Calculate 8 + -10 + 5 + 1.
4
-4 + -8 + 12 + 3
3
What is 1 + 3 - (5 + 13 + -16)?
2
What is -4 + 2 + -6 - -4?
-4
What is 5 + -4 + -3 - (-2 - 3)?
3
91 + -92 + 6 + -1
4
What is 2 - (-8 + (9 - 5))?
6
Evaluate 4 + 2 + (6 - 11) + 1.
2
(8 - (0 - -2)) + -6 + 0
0
What is the value of 2 + (4 + 0 - 6 - 1)?
-1
(3 - (0 + -1)) + -6
-2
What is 13 - -3 - (-23 + 34)?
5
(-18 - -14) + (-3 - (-1 - 0))
-6
What is 3 + 1 + -10 - -3?
-3
Evaluate 21 - 27 - (-4 - 4).
2
What is (-1 - -5) + 33 + -31?
6
What is 2 + 1 + 6 - 13?
-4
What is the value of (-6 - -5) + 0 - -1?
0
What is 4 + -12 + (7 - -3)?
2
Calculate ((6 - 1) + -1 - 8) + 5.
1
3 + (1 - 2) + -4
-2
What is the value of 1 + -2 + (-69 - -70)?
0
-1 + 4 + (0 - 4) + 4
3
Calculate 3 + -1 - (0 + 1).
1
What is 7 + 3 + -3 + -9?
-2
Evaluate 0 - (-2 + (-2 - (-1 - -1))).
4
What is the value of 2 - (10 - (9 - 5))?
-4
Evaluate 9 + -2 - (-38 - -45).
0
What is the value of (1 - (-3 - -1)) + -2 + 0?
1
What is the value of 10 + -7 + -1 - (0 + -1)?
3
What is the value of (1 - -7) + -1 + (-105 - -100)?
2
(5 - 5 - 0) + -3
-3
Calculate 3 + (5 + -2 - 9).
-3
Evaluate -3 - (-1 + -9) - (-80 + 79).
8
Evaluate (-7 - (-4 - -1)) + 13 + -5.
4
What is (-4 + -6 + 4 - -2) + 7?
3
Evaluate -13 + 7 + (-1 - -10).
3
-7 + (-1 - 3) + (1 - -5)
-5
What is (-18 - -12 - -14) + -13?
-5
Evaluate -12 - -4 - (-2 - (10 + 3)).
7
Evaluate -6 + (8 - -8) + -12.
-2
What is the value of 5 + -4 + -3 + 2 + 0?
0
What is -2 - (2 - (4 + -5))?
-5
What is the value of (1 + 5 - -1) + -5?
2
(-1 - 0) + -2 + -6
-9
What is the value of 44 + -43 - (-4 + 1) - -3?
7
What is 3 + 3 + 0 - (7 + -5)?
4
-4 + 3 + -3 + -2 + 1
-5
Calculate 0 + (-2 - 3) - 1.
-6
Evaluate 23 + (6 - 15) + -7.
7
Evaluate 7 + -29 - -11 - -4.
-7
8 + -8 + -7 + 1
-6
What is the value of (3 - 4) + (-1 - 0) + 1?
-1
Evaluate -5 + (-1 - (-2 - -1) - 2).
-7
Evaluate 4 + 0 - (-5 + -4 + 15).
-2
What is (-3 - 4 - 0) + 3?
-4
Calculate 0 + (-2 - -6) - (-1 + 4).
1
2 - 1 - (5 + -4) - 4
-4
Evaluate -7 + 2 - (0 - (1 - 0)).
-4
What is 3 + (0 - -6 - 10)?
-1
(-2 - (-1 - 1)) + (-1 - 3)
-4
Calculate 8 + (-7 - 3 - -3).
1
Evaluate (6 - (3 + -2) - 3) + -3.
-1
What is the value of -3 + (-9 - -15 - (-2 + 8))?
-3
What is 3 + 1 + (2 - (-7 - -9))?
4
Evaluate 31 + -38 + -2 + 13.
4
1 + (4 - (4 + -2 - -5))
-2
What is -1 - ((-1 + 4 - 0) + -1)?
-3
(12 - (0 + 0)) + 41 + -44
9
Calculate 2 + 4 + -7 + 4.
3
What is the value of 10 + (-7 - -3) + -7?
-1
Calculate 3 - (3 - (-2 + 1)).
-1
Calculate -2 + 11 - 13 - (-5 - 1).
2
-4 + (15 - 7) - 2
2
What is 47 + -48 + (1 + 1 - 0)?
1
-1 + -4 + 1 + 2
-2
What is (2 - (2 - -4) - 2) + 5?
-1
Calculate 1 + (4 + -8 - -1).
-2
Evaluate 0 - (-4 - 0) - (100 - 96).
0
Evaluate -1 + 1 + (5 - 6 - -8).
7
Calculate (-8 + 